377
List the prime factors of 55450292.
2, 281, 49333
List the prime factors of 543546195.
3, 5, 1723, 21031
What are the prime factors of 870706170?
2, 3, 5, 17, 23, 109, 227
List the prime factors of 532738173.
3, 11, 37, 436313
List the prime factors of 310870267.
19, 47, 491, 709
List the prime factors of 53747205.
3, 5, 23, 43, 3623
What are the prime factors of 62698383?
3, 11, 633317
What are the prime factors of 536331809?
13, 3173561
List the prime factors of 942415611.
3, 314138537
What are the prime factors of 2071870273?
11, 188351843
List the prime factors of 1132445628.
2, 3, 107, 293989
What are the prime factors of 274767316?
2, 68691829
What are the prime factors of 2174389661?
109, 19948529
What are the prime factors of 62952233?
59, 1066987
What are the prime factors of 1415169500?
2, 5, 61, 46399
List the prime factors of 130032032.
2, 13, 241, 1297
What are the prime factors of 14844196?
2, 17, 12841
What are the prime factors of 26482867?
23, 73, 15773
What are the prime factors of 20547796?
2, 1621, 3169
List the prime factors of 2860562057.
43, 53, 1255183
What are the prime factors of 2552122725?
3, 5, 151, 225353
What are the prime factors of 40526564?
2, 13, 779357
List the prime factors of 151008427.
151008427
List the prime factors of 32167587.
3, 17, 630737
List the prime factors of 1015339576.
2, 197, 631, 1021
What are the prime factors of 21138569?
1303, 16223
What are the prime factors of 39590515?
5, 7918103
What are the prime factors of 482321634?
2, 3, 80386939
What are the prime factors of 131325517?
31, 4236307
List the prime factors of 2175611319.
3, 7, 89, 2053
What are the prime factors of 36057185?
5, 31, 353, 659
List the prime factors of 1239670141.
17, 1907, 38239
What are the prime factors of 34232355?
3, 5, 253573
List the prime factors of 34786706.
2, 193, 90121
List the prime factors of 241114561.
241114561
What are the prime factors of 42921218?
2, 29, 740021
List the prime factors of 810523777.
7, 1129, 102559
What are the prime factors of 540940778?
2, 7, 2141, 18047
List the prime factors of 1425072043.
941, 1514423
List the prime factors of 2138312476.
2, 131, 4080749
What are the prime factors of 427493724?
2, 3, 7, 269, 18919
List the prime factors of 298673895.
3, 5, 13, 1531661
List the prime factors of 116918639.
17, 31, 61, 3637
List the prime factors of 7508885407.
29, 258927083
What are the prime factors of 97278550?
2, 5, 37, 52583
List the prime factors of 92252210.
2, 5, 9225221
What are the prime factors of 1021614963?
3, 991, 343631
List the prime factors of 24262862.
2, 13, 149, 6263
List the prime factors of 140398841.
11, 929, 1249
What are the prime factors of 2161748047?
19, 53, 257, 8353
List the prime factors of 34224210.
2, 3, 5, 380269
What are the prime factors of 149008471?
47, 3170393
What are the prime factors of 109172534?
2, 54586267
List the prime factors of 82788247.
23, 269, 13381
List the prime factors of 749440470.
2, 3, 5, 24981349
What are the prime factors of 276590696?
2, 34573837
List the prime factors of 4193793416.
2, 37, 14168221
List the prime factors of 23943204.
2, 3, 665089
List the prime factors of 1931525.
5, 77261
List the prime factors of 107671317.
3, 13, 487, 5669
List the prime factors of 39379007.
163, 241589
What are the prime factors of 1782783514?
2, 5011, 177887
List the prime factors of 50151002.
2, 11, 2279591
List the prime factors of 121367419.
121367419
What are the prime factors of 4741050890?
2, 5, 283, 1675283
List the prime factors of 5491623145.
5, 2341, 469169
List the prime factors of 161221403.
7, 19, 1212191
List the prime factors of 1473286786.
2, 181, 1453, 2801
What are the prime factors of 540981419?
11, 1979, 24851
What are the prime factors of 1462880260?
2, 5, 17, 1801, 2389
What are the prime factors of 97709149?
17, 29, 198193
List the prime factors of 8080666.
2, 11, 89, 4127
List the prime factors of 512895569.
512895569
What are the prime factors of 4505072157?
3, 500563573
List the prime factors of 5906468173.
5906468173
What are the prime factors of 322700875?
5, 7, 368801
What are the prime factors of 74278248?
2, 3, 11, 281357
List the prime factors of 36413357.
29, 1255633
What are the prime factors of 8461267?
8461267
List the prime factors of 90033651.
3, 10003739
List the prime factors of 21876789.
3, 11, 643, 1031
What are the prime factors of 1487622640?
2, 5, 7, 167, 15907
List the prime factors of 4869741427.
3037, 1603471
List the prime factors of 722714295.
3, 5, 887, 54319
What are the prime factors of 994723437?
3, 331574479
List the prime factors of 2379572710.
2, 5, 31, 7676041
List the prime factors of 2975369377.
4817, 617681
What are the prime factors of 100168069?
601, 166669
List the prime factors of 35855348.
2, 53, 169129
What are the prime factors of 298573363?
11, 17, 1596649
What are the prime factors of 3522701?
7, 13, 38711
List the prime factors of 26862888.
2, 3, 13, 37, 179
What are the prime factors of 44101510?
2, 5, 47, 103, 911
What are the prime factors of 82648045?
5, 73, 226433
What are the prime factors of 204867142?
2, 89, 1150939
List the prime factors of 24371613.
3, 7, 386851
What are the prime factors of 103152893?
53, 1946281
List the prime factors of 828911849.
1097, 755617
What are the prime factors of 2885066391?
3, 109, 8822833
List the prime factors of 5880383.
599, 9817
List the prime factors of 90259195.
5, 13, 1388603
List the prime factors of 520876465.
5, 104175293
What are the prime factors of 7165533915?
3, 5, 17, 183661
List the prime factors of 46179258.
2, 3, 113, 68111
What are the prime factors of 78238962?
2, 3, 23, 188983
List the prime factors of 1759161480.
2, 3, 5, 14659679
What are the prime factors of 129166798?
2, 64583399
List the prime factors of 74930796.
2, 3, 563, 3697
List the prime factors of 74520035.
5, 37, 229, 1759
List the prime factors of 270799087.
13, 4177, 4987
What are the prime factors of 9409828?
2, 41, 181, 317
List the prime factors of 383319851.
19, 20174729
What are the prime factors of 3429551036?
2, 83, 103, 100291
What are the prime factors of 123716067?
3, 313, 359, 367
List the prime factors of 42218050.
2, 5, 7, 120623
List the prime factors of 183183822.
2, 3, 23, 83, 1777
List the prime factors of 5893882.
2, 2946941
What are the prime factors of 14091675?
3, 5, 13, 97, 149
List the prime factors of 3226938500.
2, 5, 103, 62659
List the prime factors of 1411843920.
2, 3, 5, 1193, 4931
List the prime factors of 268429894.
2, 37, 317, 11443
List the prime factors of 393231299.
23, 71, 113, 2131
List the prime factors of 70043539.
31, 41, 55109
List the prime factors of 2296627835.
5, 17, 2273, 11887
What are the prime factors of 18323364?
2, 3, 23, 197, 337
What are the prime factors of 799578988?
2, 13, 53, 223, 1301
List the prime factors of 2716376090.
2, 5, 37, 7341557
List the prime factors of 389033900.
2, 5, 43, 90473
What are the prime factors of 2665953075?
3, 5, 101, 353, 997
List the prime factors of 940805241.
3, 313601747
What are the prime factors of 703547734?
2, 389, 904303
List the prime factors of 2660703606.
2, 3, 11, 37019
What are the prime factors of 1978583306?
2, 7, 8849, 15971
List the prime factors of 1165962467.
1165962467
List the prime factors of 987329325.
3, 5, 13164391
List the prime factors of 4403716899.
3, 103, 14251511
List the prime factors of 4647139553.
7, 1373, 483523
What are the prime factors of 14289987?
3, 4763329
List the prime factors of 611924073.
3, 203974691
List the prime factors of 1773645087.
3, 591215029
List the prime factors of 2706103131.
3, 902034377
What are the prime factors of 104212625?
5, 11, 19, 3989
What are the prime factors of 29167324?
2, 7291831
List the prime factors of 2943660674.
2, 1471830337
What are the prime factors of 1958521722?
2, 3, 103, 181, 17509
List the prime factors of 37833936.
2, 3, 7, 112601
What are the prime factors of 57050274?
2, 3, 19, 26339
What are the prime factors of 195307642?
2, 97653821
What are the prime factors of 582524761?
7, 13, 41, 156131
List the prime factors of 750884293.
6197, 121169
List the prime factors of 17377707.
3, 5792569
What are the prime factors of 41143326?
2, 3, 7, 97, 10099
What are 